s digit of 23694?
2
What is the tens digit of 869?
6
What is the thousands digit of 73494?
3
What is the hundreds digit of 599?
5
What is the units digit of 909?
9
What is the hundreds digit of 5512?
5
What is the tens digit of 13172?
7
What is the units digit of 16643?
3
What is the units digit of 1061?
1
What is the thousands digit of 99262?
9
What is the hundreds digit of 6308?
3
What is the hundreds digit of 1455?
4
What is the hundreds digit of 7289?
2
What is the tens digit of 63669?
6
What is the thousands digit of 5147?
5
What is the hundreds digit of 2187?
1
What is the units digit of 3111?
1
What is the units digit of 586?
6
What is the units digit of 918?
8
What is the ten thousands digit of 10369?
1
What is the units digit of 60994?
4
What is the tens digit of 835?
3
What is the tens digit of 34403?
0
What is the thousands digit of 43909?
3
What is the tens digit of 48414?
1
What is the hundreds digit of 684?
6
What is the thousands digit of 42601?
2
What is the hundreds digit of 282?
2
What is the tens digit of 7782?
8
What is the thousands digit of 13742?
3
What is the thousands digit of 3491?
3
What is the hundreds digit of 324?
3
What is the thousands digit of 2720?
2
What is the units digit of 42999?
9
What is the hundreds digit of 20661?
6
What is the hundreds digit of 2619?
6
What is the hundreds digit of 48179?
1
What is the tens digit of 631?
3
What is the thousands digit of 41721?
1
What is the units digit of 219?
9
What is the tens digit of 10911?
1
What is the units digit of 34823?
3
What is the hundreds digit of 745?
7
What is the units digit of 6161?
1
What is the tens digit of 2809?
0
What is the hundreds digit of 772?
7
What is the thousands digit of 36665?
6
What is the units digit of 66107?
7
What is the tens digit of 458?
5
What is the hundreds digit of 838?
8
What is the thousands digit of 5882?
5
What is the units digit of 12314?
4
What is the hundreds digit of 1069?
0
What is the thousands digit of 7854?
7
What is the thousands digit of 1190?
1
What is the thousands digit of 4897?
4
What is the thousands digit of 12331?
2
What is the thousands digit of 20831?
0
What is the units digit of 2028?
8
What is the units digit of 408?
8
What is the thousands digit of 8880?
8
What is the tens digit of 11906?
0
What is the tens digit of 273?
7
What is the tens digit of 11568?
6
What is the tens digit of 64294?
9
What is the tens digit of 25969?
6
What is the units digit of 12196?
6
What is the tens digit of 36?
3
What is the units digit of 981?
1
What is the hundreds digit of 16910?
9
What is the units digit of 862?
2
What is the thousands digit of 103439?
3
What is the hundreds digit of 1656?
6
What is the thousands digit of 7603?
7
What is the units digit of 1157?
7
What is the hundreds digit of 10547?
5
What is the tens digit of 547?
4
What is the thousands digit of 49005?
9
What is the ten thousands digit of 94287?
9
What is the tens digit of 41233?
3
What is the hundreds digit of 1135?
1
What is the ten thousands digit of 98981?
9
What is the thousands digit of 1126?
1
What is the thousands digit of 2711?
2
What is the tens digit of 152142?
4
What is the hundreds digit of 27382?
3
What is the thousands digit of 181514?
1
What is the thousands digit of 14341?
4
What is the tens digit of 6046?
4
What is the hundreds digit of 287?
2
What is the units digit of 59499?
9
What is the units digit of 39390?
0
What is the units digit of 5906?
6
What is the units digit of 2823?
3
What is the tens digit of 8949?
4
What is the ten thousands digit of 27325?
2
What is the units digit of 84481?
1
What is the tens digit of 1125?
2
What is the units digit of 2729?
9
What is the units digit of 1176?
6
What is the units digit of 9312?
2
What is the thousands digit of 1633?
1
What is the hundreds digit of 222?
2
What is the units digit of 38639?
9
What is the hundreds digit of 2392?
3
What is the tens digit of 124068?
6
What is the thousands digit of 87590?
7
What is the hundreds digit of 5540?
5
What is the thousands digit of 7730?
7
What is the hundreds digit of 5859?
8
What is the tens digit of 27442?
4
What is the hundreds digit of 21408?
4
What is the units digit of 2748?
8
What is the tens digit of 6624?
2
What is the thousands digit of 1703?
1
What is the hundreds digit of 11521?
5
What is the units digit of 1471?
1
What is the tens digit of 313?
1
What is the hundreds digit of 160782?
7
What is the ten thousands digit of 100293?
0
What is the ten thousands digit of 93733?
9
What is the tens digit of 1897?
9
What is the units digit of 259?
9
What is the hundreds digit of 503?
5
What is the tens digit of 363?
6
What is the thousands digit of 3054?
3
What is the hundreds digit of 19710?
7
What is the tens digit of 4700?
0
What is the tens digit of 1510?
1
What is the tens digit of 2613?
1
What is the thousands digit of 1650?
1
What is the ten thousands digit of 11512?
1
What is the units digit of 13722?
2
What is the units digit of 449?
9
What is the thousands digit of 114191?
4
What is the ten thousands digit of 145483?
4
What is the tens digit of 86736?
3
What is the units digit of 80?
0
What is the units digit of 6471?
1
What is the units digit of 1329?
9
What is the units digit of 233?
3
What is the thousands digit of 6569?
6
What is the tens digit of 986?
8
What is the thousands digit of 3495?
3
What is the units digit of 128323?
3
What is the tens digit of 18559?
5
What is the hundreds digit of 335?
3
What is the units digit of 1271?
1
What is the units digit of 26538?
8
What is the units digit of 533?
3
What is the tens digit of 4940?
4
What is the units digit of 1000?
0
What is the thousands digit of 7897?
7
What is the tens digit of 24508?
0
What is the tens digit of 20239?
3
What is the tens digit of 1226?
2
What is the tens digit of 9647?
4
What is the ten thousands digit of 26002?
2
What is the hundreds digit of 8433?
4
What is the tens digit of 682?
8
What is the hundreds digit of 6485?
4
What is the hundreds digit of 7346?
3
What is the units digit of 8499?
9
What is the thousands digit of 2964?
2
What is the thousands digit of 59988?
9
What is the thousands digit of 5780?
5
What is the units digit of 23257?
7
What is the tens digit of 24156?
5
What is the hundreds digit of 1392?
3
What is the tens digit of 50654?
5
What is the thousands digit of 1602?
1
What is the hundreds digit of 42626?
6
What is the thousands digit of 1966?
1
What is the hundreds digit of 21617?
6
What is the hundreds digit of 11215?
2
What is the tens digit of 14552?
5
What is the ten thousands digit of 28793?
2
What is the units digit of 6114?
4
What is the units digit of 45?
5
What is the hundreds digit of 999?
9
What is the ten thousands digit of 36457?
3
What is the units digit of 4147?
7
What is the hundreds digit of 33303?
3
What is the hundreds digit of 1284?
2
What is the ten thousands digit of 73669?
7
What is the tens digit of 1106?
0
What is the units digit of 1466?
6
What is the hundreds digit of 154185?
1
What is the thousands digit of 52267?
2
What is the units digit of 21159?
9
What is the tens digit of 1793?
9
What is the hundreds digit of 8511?
5
What is the thousands digit of 23932?
3
What is the hundreds digit of 5154?
1
What is the hundreds digit of 4466?
4
What is the tens digit of 2615?
1
What is the thousands digit of 23369?
3
What is the thousands digit of 9575?
9
What is the tens digit of 342?
4
What is the tens digit of 20563?
6
What is the tens digit of 1359?
5
What is the ten thousands digit of 11424?
1
What is the thousands digit of 3604?
3
What is the thousands digit of 88986?
8
What is the tens digit of 884?
8
What is the hundreds digit of 102224?
2
What is the thousands digit of 1149?
1
What is the thousands digit of 3172?
3
What is the units digit of 15344?
4
What is the units digit of 697?
7
What is the ten thousands digit of 24134?
2
What is the hundreds digit of 7544?
5
What is the thousands digit of 5007?
5
What is the thousands digit of 4566?
4
What is the hundreds digit of 108449?
4
What is the tens digit of 535?
3
What is the thousands digit of 22304?
2
What is the hundreds digit of 13885?
8
What is the tens digit of 14121?
2
What is the ten thousands digit of 82143?
8
What is the units digit of 521?